114 and 10982?
38
Calculate the greatest common factor of 22916 and 374.
34
What is the greatest common factor of 14106 and 6?
6
Calculate the greatest common factor of 8349 and 1587.
69
Calculate the greatest common divisor of 269 and 261.
1
What is the highest common factor of 5324 and 21340?
44
Calculate the highest common factor of 433 and 281883.
433
Calculate the highest common factor of 7081 and 212139.
97
What is the highest common divisor of 253 and 147246?
253
Calculate the highest common factor of 69723 and 14859.
1143
Calculate the greatest common factor of 1300 and 2604550.
650
Calculate the greatest common divisor of 222 and 188330.
74
What is the highest common factor of 1250 and 1660?
10
Calculate the highest common divisor of 585480 and 2720.
680
What is the greatest common factor of 18 and 681354?
18
What is the highest common factor of 1316 and 226023?
329
What is the highest common divisor of 96508 and 322?
46
Calculate the greatest common factor of 42 and 36910902.
42
What is the highest common factor of 12 and 3461694?
6
What is the greatest common factor of 14004 and 1098?
18
Calculate the greatest common divisor of 198560 and 2295.
85
Calculate the greatest common divisor of 3950 and 15958.
158
What is the highest common factor of 1641 and 177?
3
Calculate the greatest common divisor of 26 and 1626092.
26
What is the greatest common divisor of 82004 and 16?
4
What is the highest common divisor of 14 and 6041?
7
What is the highest common factor of 126 and 10782?
18
Calculate the highest common factor of 643 and 1376663.
643
What is the greatest common divisor of 217805 and 980?
245
What is the highest common divisor of 52 and 1476?
4
What is the highest common factor of 12925 and 9?
1
Calculate the greatest common factor of 126 and 52850.
14
Calculate the highest common divisor of 15267 and 336.
21
Calculate the highest common divisor of 4762785 and 447.
447
Calculate the greatest common divisor of 235236 and 12.
12
Calculate the highest common factor of 131 and 811.
1
What is the greatest common divisor of 70069 and 413578?
1709
Calculate the highest common divisor of 36 and 36171.
9
What is the highest common factor of 150500 and 40?
20
Calculate the greatest common factor of 50238 and 1746.
18
What is the highest common divisor of 5989 and 4633?
113
Calculate the greatest common factor of 30 and 96795.
15
What is the greatest common factor of 25123 and 15577?
37
What is the greatest common divisor of 60 and 655680?
60
What is the highest common divisor of 123915 and 6008?
751
Calculate the highest common factor of 2892 and 132.
12
Calculate the highest common factor of 7140 and 2210.
170
Calculate the greatest common factor of 8 and 9032.
8
What is the greatest common factor of 1251 and 3261?
3
Calculate the highest common divisor of 3212 and 4672.
292
What is the highest common factor of 118727 and 49?
49
What is the highest common factor of 330965 and 78716?
1789
What is the highest common divisor of 744 and 4214388?
372
What is the highest common factor of 2232900 and 945?
135
Calculate the greatest common factor of 112 and 597016.
56
Calculate the greatest common factor of 25467 and 13260.
39
Calculate the highest common factor of 195171 and 603.
201
Calculate the greatest common divisor of 102024 and 351.
117
Calculate the greatest common divisor of 496 and 246946.
62
What is the greatest common divisor of 72176 and 1690?
26
What is the greatest common factor of 4965 and 1545?
15
What is the highest common divisor of 207 and 1476?
9
What is the greatest common divisor of 996 and 1968?
12
What is the greatest common factor of 12 and 2352?
12
Calculate the greatest common factor of 54 and 75186.
18
What is the greatest common divisor of 26866 and 1064?
266
Calculate the greatest common divisor of 986 and 201892.
34
What is the highest common factor of 46 and 416691?
23
Calculate the highest common factor of 5356 and 1833.
13
What is the highest common divisor of 22 and 14377?
11
What is the highest common divisor of 602 and 80367?
301
Calculate the greatest common divisor of 16 and 1795184.
16
What is the greatest common divisor of 120777 and 8763?
381
What is the highest common factor of 52 and 1094548?
52
What is the greatest common factor of 279 and 152241?
93
What is the greatest common factor of 659368 and 32?
8
Calculate the greatest common factor of 18242 and 448.
14
What is the highest common divisor of 3 and 277958?
1
What is the greatest common factor of 79 and 553?
79
Calculate the greatest common divisor of 1958960 and 16.
16
Calculate the highest common factor of 5221 and 19976.
227
What is the highest common divisor of 532 and 8740?
76
Calculate the highest common divisor of 75519 and 1431.
27
What is the greatest common divisor of 23508832 and 32?
32
Calculate the greatest common divisor of 77 and 191774.
11
Calculate the highest common factor of 74 and 7511074.
74
What is the highest common factor of 1287 and 75?
3
Calculate the highest common factor of 87 and 2784.
87
Calculate the highest common factor of 9883881 and 21.
21
Calculate the greatest common divisor of 2704 and 1712.
16
What is the highest common factor of 12994 and 1314?
146
Calculate the greatest common divisor of 286 and 7629622.
286
What is the greatest common factor of 96 and 12066?
6
Calculate the highest common divisor of 58285 and 80.
5
What is the greatest common divisor of 64 and 44384?
32
Calculate the greatest common factor of 256 and 2314.
2
What is the greatest common divisor of 35373 and 208?
13
Calculate the greatest common divisor of 780 and 26052.
156
Calculate the highest common factor of 172 and 354836.
172
Calculate the highest common factor of 218264 and 536.
8
What is the greatest common factor of 1292 and 24956?
68
Calculate the highest common factor of 192 and 31656.
24
Calculate the highest common divisor of 66538 and 68.
34
What is the greatest common factor of 156 and 20736?
12
What is the greatest common divisor of 76 and 21836?
4
What is the highest common factor of 9104224 and 32?
32
Calculate the highest common factor of 7712 and 160.
32
Calculate the highest common factor of 170 and 3111595.
85
What is the greatest common divisor of 58158 and 150?
6
What is the greatest common divisor of 269293 and 795?
53
Calculate the greatest common factor of 48200 and 8080.
40
What is the greatest common factor of 21 and 38297?
7
What is the greatest common divisor of 258 and 58566?
258
What is the greatest common divisor of 2800 and 92680?
280
What is the highest common factor of 370 and 69634?
74
Calculate the greatest common factor of 8330 and 6902.
238
Calculate the highest common factor of 1828477 and 4715.
943
What is the highest common factor of 6468 and 3822?
294
What is the highest common factor of 38553 and 426?
213
Calculate the greatest common factor of 40 and 10070.
10
Calculate the greatest common divisor of 20264 and 238.
34
Calculate the greatest common factor of 598318 and 14.
14
Calculate the greatest common factor of 1624 and 26332.
116
Calculate the greatest common divisor of 9729 and 72.
9
What is the highest common factor of 95825 and 1975?
25
Calculate the greatest common factor of 75 and 27525.
75
What is the greatest common factor of 1624 and 408436?
812
What is the highest common factor of 16 and 5610?
2
What is the highest common factor of 11473 and 8239?
77
Calculate the greatest common divisor of 1155 and 432355.
385
Calculate the highest common divisor of 228 and 133684.
76
What is the greatest common factor of 48216 and 2050?
82
Calculate the greatest common factor of 420 and 8960.
140
Calculate the greatest common divisor of 5 and 71835.
5
What is the highest common factor of 7 and 349?
1
What is the greatest common divisor of 210 and 885?
15
What is the highest common factor of 15180 and 310500?
1380
What is the greatest common divisor of 769880 and 38?
38
What is the greatest common divisor of 82654 and 119?
17
Calculate the greatest common factor of 26970 and 23635.
145
Calculate the greatest common divisor of 63778 and 2574.
286
What is the highest common factor of 5559 and 1751?
17
What is the greatest common divisor of 968 and 42472?
8
What is the greatest common factor of